{"id":134,"date":"2015-02-24T10:02:43","date_gmt":"2015-02-24T10:02:43","guid":{"rendered":"https:\/\/www.edenn.fr\/archive\/?page_id=134"},"modified":"2019-02-26T09:55:29","modified_gmt":"2019-02-26T09:55:29","slug":"charte-zerophyto","status":"publish","type":"page","link":"https:\/\/www.edenn.fr\/archive\/eau\/jardiner-au-naturel\/charte-zerophyto\/","title":{"rendered":"Charte Collectivit\u00e9"},"content":{"rendered":"","protected":false},"excerpt":{"rendered":"<p>Une action a \u00e9t\u00e9 lanc\u00e9e vers les gestionnaires d&rsquo;espaces publics pour diminuer l&rsquo;utilisation des produits phytosanitaires. En effet, la pr\u00e9sence de produits phytosanitaires rend l\u2019eau impropre \u00e0 la consommation humaine sans traitement pr\u00e9alable. Or, ce traitement est co\u00fbteux : en moyenne 30% de notre facture d\u2019eau y est consacr\u00e9. D\u2019autres produits sont tout simplement impossibles \u00e0 \u00e9radiquer, comme le m\u00e9tald\u00e9hyde, un anti-limaces grand public tr\u00e8s toxique et doivent \u00eatre dilu\u00e9s pour ne pas se retrouver dans nos carafes !<\/p>\n","protected":false},"author":2,"featured_media":0,"parent":138,"menu_order":2,"comment_status":"open","ping_status":"open","template":"template\/standard.php","meta":{"_acf_changed":false,"footnotes":""},"class_list":["post-134","page","type-page","status-publish","hentry"],"acf":[],"yoast_head":"<!-- This site is optimized with the Yoast SEO plugin v27.3 - https:\/\/yoast.com\/product\/yoast-seo-wordpress\/ -->\n<title>Charte Z\u00e9ro Phyto pour les collectivit\u00e9s<\/title>\n<meta name=\"description\" content=\"Les gestionnaires d&#039;espaces publics s&#039;engagent dans la r\u00e9duction des produits phytosanitaires en signant la charte vers le 0 phyto sur le BV de l&#039;Erdre.\" \/>\n<meta name=\"robots\" content=\"index, follow, max-snippet:-1, max-image-preview:large, max-video-preview:-1\" \/>\n<link rel=\"canonical\" href=\"https:\/\/www.edenn.fr\/archive\/eau\/jardiner-au-naturel\/charte-zerophyto\/\" \/>\n<meta property=\"og:locale\" content=\"fr_FR\" \/>\n<meta property=\"og:type\" content=\"article\" \/>\n<meta property=\"og:title\" content=\"Charte Z\u00e9ro Phyto pour les collectivit\u00e9s\" \/>\n<meta property=\"og:description\" content=\"Les gestionnaires d&#039;espaces publics s&#039;engagent dans la r\u00e9duction des produits phytosanitaires en signant la charte vers le 0 phyto sur le BV de l&#039;Erdre.\" \/>\n<meta property=\"og:url\" content=\"https:\/\/www.edenn.fr\/archive\/eau\/jardiner-au-naturel\/charte-zerophyto\/\" \/>\n<meta property=\"og:site_name\" content=\"Edenn\" \/>\n<meta property=\"article:publisher\" content=\"https:\/\/www.facebook.com\/pages\/EDENN-sur-Erdre\/193293197413477?ref=hl\" \/>\n<meta property=\"article:modified_time\" content=\"2019-02-26T09:55:29+00:00\" \/>\n<script type=\"application\/ld+json\" class=\"yoast-schema-graph\">{\"@context\":\"https:\\\/\\\/schema.org\",\"@graph\":[{\"@type\":\"WebPage\",\"@id\":\"https:\\\/\\\/www.edenn.fr\\\/archive\\\/eau\\\/jardiner-au-naturel\\\/charte-zerophyto\\\/\",\"url\":\"https:\\\/\\\/www.edenn.fr\\\/archive\\\/eau\\\/jardiner-au-naturel\\\/charte-zerophyto\\\/\",\"name\":\"Charte Z\u00e9ro Phyto pour les collectivit\u00e9s\",\"isPartOf\":{\"@id\":\"https:\\\/\\\/www.edenn.fr\\\/archive\\\/#website\"},\"datePublished\":\"2015-02-24T10:02:43+00:00\",\"dateModified\":\"2019-02-26T09:55:29+00:00\",\"description\":\"Les gestionnaires d'espaces publics s'engagent dans la r\u00e9duction des produits phytosanitaires en signant la charte vers le 0 phyto sur le BV de l'Erdre.\",\"breadcrumb\":{\"@id\":\"https:\\\/\\\/www.edenn.fr\\\/archive\\\/eau\\\/jardiner-au-naturel\\\/charte-zerophyto\\\/#breadcrumb\"},\"inLanguage\":\"fr-FR\",\"potentialAction\":[{\"@type\":\"ReadAction\",\"target\":[\"https:\\\/\\\/www.edenn.fr\\\/archive\\\/eau\\\/jardiner-au-naturel\\\/charte-zerophyto\\\/\"]}]},{\"@type\":\"BreadcrumbList\",\"@id\":\"https:\\\/\\\/www.edenn.fr\\\/archive\\\/eau\\\/jardiner-au-naturel\\\/charte-zerophyto\\\/#breadcrumb\",\"itemListElement\":[{\"@type\":\"ListItem\",\"position\":1,\"name\":\"Accueil\",\"item\":\"https:\\\/\\\/www.edenn.fr\\\/archive\\\/\"},{\"@type\":\"ListItem\",\"position\":2,\"name\":\"Eau\",\"item\":\"https:\\\/\\\/www.edenn.fr\\\/archive\\\/eau\\\/\"},{\"@type\":\"ListItem\",\"position\":3,\"name\":\"Jardiner au naturel\",\"item\":\"https:\\\/\\\/www.edenn.fr\\\/archive\\\/eau\\\/jardiner-au-naturel\\\/\"},{\"@type\":\"ListItem\",\"position\":4,\"name\":\"Charte Collectivit\u00e9\"}]},{\"@type\":\"WebSite\",\"@id\":\"https:\\\/\\\/www.edenn.fr\\\/archive\\\/#website\",\"url\":\"https:\\\/\\\/www.edenn.fr\\\/archive\\\/\",\"name\":\"Edenn\",\"description\":\"Ensemble pour la reconqu\u00eate de l&#039;Erdre\",\"potentialAction\":[{\"@type\":\"SearchAction\",\"target\":{\"@type\":\"EntryPoint\",\"urlTemplate\":\"https:\\\/\\\/www.edenn.fr\\\/archive\\\/?s={search_term_string}\"},\"query-input\":{\"@type\":\"PropertyValueSpecification\",\"valueRequired\":true,\"valueName\":\"search_term_string\"}}],\"inLanguage\":\"fr-FR\"}]}<\/script>\n<!-- \/ Yoast SEO plugin. -->","yoast_head_json":{"title":"Charte Z\u00e9ro Phyto pour les collectivit\u00e9s","description":"Les gestionnaires d'espaces publics s'engagent dans la r\u00e9duction des produits phytosanitaires en signant la charte vers le 0 phyto sur le BV de l'Erdre.","robots":{"index":"index","follow":"follow","max-snippet":"max-snippet:-1","max-image-preview":"max-image-preview:large","max-video-preview":"max-video-preview:-1"},"canonical":"https:\/\/www.edenn.fr\/archive\/eau\/jardiner-au-naturel\/charte-zerophyto\/","og_locale":"fr_FR","og_type":"article","og_title":"Charte Z\u00e9ro Phyto pour les collectivit\u00e9s","og_description":"Les gestionnaires d'espaces publics s'engagent dans la r\u00e9duction des produits phytosanitaires en signant la charte vers le 0 phyto sur le BV de l'Erdre.","og_url":"https:\/\/www.edenn.fr\/archive\/eau\/jardiner-au-naturel\/charte-zerophyto\/","og_site_name":"Edenn","article_publisher":"https:\/\/www.facebook.com\/pages\/EDENN-sur-Erdre\/193293197413477?ref=hl","article_modified_time":"2019-02-26T09:55:29+00:00","schema":{"@context":"https:\/\/schema.org","@graph":[{"@type":"WebPage","@id":"https:\/\/www.edenn.fr\/archive\/eau\/jardiner-au-naturel\/charte-zerophyto\/","url":"https:\/\/www.edenn.fr\/archive\/eau\/jardiner-au-naturel\/charte-zerophyto\/","name":"Charte Z\u00e9ro Phyto pour les collectivit\u00e9s","isPartOf":{"@id":"https:\/\/www.edenn.fr\/archive\/#website"},"datePublished":"2015-02-24T10:02:43+00:00","dateModified":"2019-02-26T09:55:29+00:00","description":"Les gestionnaires d'espaces publics s'engagent dans la r\u00e9duction des produits phytosanitaires en signant la charte vers le 0 phyto sur le BV de l'Erdre.","breadcrumb":{"@id":"https:\/\/www.edenn.fr\/archive\/eau\/jardiner-au-naturel\/charte-zerophyto\/#breadcrumb"},"inLanguage":"fr-FR","potentialAction":[{"@type":"ReadAction","target":["https:\/\/www.edenn.fr\/archive\/eau\/jardiner-au-naturel\/charte-zerophyto\/"]}]},{"@type":"BreadcrumbList","@id":"https:\/\/www.edenn.fr\/archive\/eau\/jardiner-au-naturel\/charte-zerophyto\/#breadcrumb","itemListElement":[{"@type":"ListItem","position":1,"name":"Accueil","item":"https:\/\/www.edenn.fr\/archive\/"},{"@type":"ListItem","position":2,"name":"Eau","item":"https:\/\/www.edenn.fr\/archive\/eau\/"},{"@type":"ListItem","position":3,"name":"Jardiner au naturel","item":"https:\/\/www.edenn.fr\/archive\/eau\/jardiner-au-naturel\/"},{"@type":"ListItem","position":4,"name":"Charte Collectivit\u00e9"}]},{"@type":"WebSite","@id":"https:\/\/www.edenn.fr\/archive\/#website","url":"https:\/\/www.edenn.fr\/archive\/","name":"Edenn","description":"Ensemble pour la reconqu\u00eate de l&#039;Erdre","potentialAction":[{"@type":"SearchAction","target":{"@type":"EntryPoint","urlTemplate":"https:\/\/www.edenn.fr\/archive\/?s={search_term_string}"},"query-input":{"@type":"PropertyValueSpecification","valueRequired":true,"valueName":"search_term_string"}}],"inLanguage":"fr-FR"}]}},"_links":{"self":[{"href":"https:\/\/www.edenn.fr\/archive\/wp-json\/wp\/v2\/pages\/134","targetHints":{"allow":["GET"]}}],"collection":[{"href":"https:\/\/www.edenn.fr\/archive\/wp-json\/wp\/v2\/pages"}],"about":[{"href":"https:\/\/www.edenn.fr\/archive\/wp-json\/wp\/v2\/types\/page"}],"author":[{"embeddable":true,"href":"https:\/\/www.edenn.fr\/archive\/wp-json\/wp\/v2\/users\/2"}],"replies":[{"embeddable":true,"href":"https:\/\/www.edenn.fr\/archive\/wp-json\/wp\/v2\/comments?post=134"}],"version-history":[{"count":31,"href":"https:\/\/www.edenn.fr\/archive\/wp-json\/wp\/v2\/pages\/134\/revisions"}],"predecessor-version":[{"id":6203,"href":"https:\/\/www.edenn.fr\/archive\/wp-json\/wp\/v2\/pages\/134\/revisions\/6203"}],"up":[{"embeddable":true,"href":"https:\/\/www.edenn.fr\/archive\/wp-json\/wp\/v2\/pages\/138"}],"wp:attachment":[{"href":"https:\/\/www.edenn.fr\/archive\/wp-json\/wp\/v2\/media?parent=134"}],"curies":[{"name":"wp","href":"https:\/\/api.w.org\/{rel}","templated":true}]}}