{"id":176,"date":"2015-02-24T10:58:46","date_gmt":"2015-02-24T10:58:46","guid":{"rendered":"https:\/\/www.edenn.fr\/archive\/?page_id=176"},"modified":"2022-03-04T16:06:41","modified_gmt":"2022-03-04T16:06:41","slug":"natura-2000etangs-provostiere-vioreau-marais-de-lerdre","status":"publish","type":"page","link":"https:\/\/www.edenn.fr\/archive\/biodiversite\/natura-2000etangs-provostiere-vioreau-marais-de-lerdre\/","title":{"rendered":"Natura 2000"},"content":{"rendered":"","protected":false},"excerpt":{"rendered":"<p>La constitution du r\u00e9seau Natura 2000 a pour objectif de maintenir les esp\u00e8ces et les habitats d\u2019int\u00e9r\u00eat communautaire dans un bon \u00e9tat de conservation tout en int\u00e9grant les exigences \u00e9conomiques, sociales et culturelles de la soci\u00e9t\u00e9 moderne&#8230;<\/p>\n","protected":false},"author":2,"featured_media":0,"parent":60,"menu_order":1,"comment_status":"open","ping_status":"open","template":"template\/standard.php","meta":{"_acf_changed":false,"footnotes":""},"class_list":["post-176","page","type-page","status-publish","hentry"],"acf":[],"yoast_head":"<!-- This site is optimized with the Yoast SEO plugin v27.3 - https:\/\/yoast.com\/product\/yoast-seo-wordpress\/ -->\n<title>Natura 2000 - Edenn<\/title>\n<meta name=\"description\" content=\"La constitution du r\u00e9seau Natura 2000 a pour objectif de maintenir les esp\u00e8ces et les habitats d\u2019int\u00e9r\u00eat communautaire dans un bon \u00e9tat de conservation.\" \/>\n<meta name=\"robots\" content=\"index, follow, max-snippet:-1, max-image-preview:large, max-video-preview:-1\" \/>\n<link rel=\"canonical\" href=\"https:\/\/www.edenn.fr\/archive\/biodiversite\/natura-2000etangs-provostiere-vioreau-marais-de-lerdre\/\" \/>\n<meta property=\"og:locale\" content=\"fr_FR\" \/>\n<meta property=\"og:type\" content=\"article\" \/>\n<meta property=\"og:title\" content=\"Natura 2000 - Edenn\" \/>\n<meta property=\"og:description\" content=\"La constitution du r\u00e9seau Natura 2000 a pour objectif de maintenir les esp\u00e8ces et les habitats d\u2019int\u00e9r\u00eat communautaire dans un bon \u00e9tat de conservation.\" \/>\n<meta property=\"og:url\" content=\"https:\/\/www.edenn.fr\/archive\/biodiversite\/natura-2000etangs-provostiere-vioreau-marais-de-lerdre\/\" \/>\n<meta property=\"og:site_name\" content=\"Edenn\" \/>\n<meta property=\"article:publisher\" content=\"https:\/\/www.facebook.com\/pages\/EDENN-sur-Erdre\/193293197413477?ref=hl\" \/>\n<meta property=\"article:modified_time\" content=\"2022-03-04T16:06:41+00:00\" \/>\n<script type=\"application\/ld+json\" class=\"yoast-schema-graph\">{\"@context\":\"https:\\\/\\\/schema.org\",\"@graph\":[{\"@type\":\"WebPage\",\"@id\":\"https:\\\/\\\/www.edenn.fr\\\/archive\\\/biodiversite\\\/natura-2000etangs-provostiere-vioreau-marais-de-lerdre\\\/\",\"url\":\"https:\\\/\\\/www.edenn.fr\\\/archive\\\/biodiversite\\\/natura-2000etangs-provostiere-vioreau-marais-de-lerdre\\\/\",\"name\":\"Natura 2000 - Edenn\",\"isPartOf\":{\"@id\":\"https:\\\/\\\/www.edenn.fr\\\/archive\\\/#website\"},\"datePublished\":\"2015-02-24T10:58:46+00:00\",\"dateModified\":\"2022-03-04T16:06:41+00:00\",\"description\":\"La constitution du r\u00e9seau Natura 2000 a pour objectif de maintenir les esp\u00e8ces et les habitats d\u2019int\u00e9r\u00eat communautaire dans un bon \u00e9tat de conservation.\",\"breadcrumb\":{\"@id\":\"https:\\\/\\\/www.edenn.fr\\\/archive\\\/biodiversite\\\/natura-2000etangs-provostiere-vioreau-marais-de-lerdre\\\/#breadcrumb\"},\"inLanguage\":\"fr-FR\",\"potentialAction\":[{\"@type\":\"ReadAction\",\"target\":[\"https:\\\/\\\/www.edenn.fr\\\/archive\\\/biodiversite\\\/natura-2000etangs-provostiere-vioreau-marais-de-lerdre\\\/\"]}]},{\"@type\":\"BreadcrumbList\",\"@id\":\"https:\\\/\\\/www.edenn.fr\\\/archive\\\/biodiversite\\\/natura-2000etangs-provostiere-vioreau-marais-de-lerdre\\\/#breadcrumb\",\"itemListElement\":[{\"@type\":\"ListItem\",\"position\":1,\"name\":\"Accueil\",\"item\":\"https:\\\/\\\/www.edenn.fr\\\/archive\\\/\"},{\"@type\":\"ListItem\",\"position\":2,\"name\":\"Biodiversit\u00e9\",\"item\":\"https:\\\/\\\/www.edenn.fr\\\/archive\\\/biodiversite\\\/\"},{\"@type\":\"ListItem\",\"position\":3,\"name\":\"Natura 2000\"}]},{\"@type\":\"WebSite\",\"@id\":\"https:\\\/\\\/www.edenn.fr\\\/archive\\\/#website\",\"url\":\"https:\\\/\\\/www.edenn.fr\\\/archive\\\/\",\"name\":\"Edenn\",\"description\":\"Ensemble pour la reconqu\u00eate de l&#039;Erdre\",\"potentialAction\":[{\"@type\":\"SearchAction\",\"target\":{\"@type\":\"EntryPoint\",\"urlTemplate\":\"https:\\\/\\\/www.edenn.fr\\\/archive\\\/?s={search_term_string}\"},\"query-input\":{\"@type\":\"PropertyValueSpecification\",\"valueRequired\":true,\"valueName\":\"search_term_string\"}}],\"inLanguage\":\"fr-FR\"}]}<\/script>\n<!-- \/ Yoast SEO plugin. -->","yoast_head_json":{"title":"Natura 2000 - Edenn","description":"La constitution du r\u00e9seau Natura 2000 a pour objectif de maintenir les esp\u00e8ces et les habitats d\u2019int\u00e9r\u00eat communautaire dans un bon \u00e9tat de conservation.","robots":{"index":"index","follow":"follow","max-snippet":"max-snippet:-1","max-image-preview":"max-image-preview:large","max-video-preview":"max-video-preview:-1"},"canonical":"https:\/\/www.edenn.fr\/archive\/biodiversite\/natura-2000etangs-provostiere-vioreau-marais-de-lerdre\/","og_locale":"fr_FR","og_type":"article","og_title":"Natura 2000 - Edenn","og_description":"La constitution du r\u00e9seau Natura 2000 a pour objectif de maintenir les esp\u00e8ces et les habitats d\u2019int\u00e9r\u00eat communautaire dans un bon \u00e9tat de conservation.","og_url":"https:\/\/www.edenn.fr\/archive\/biodiversite\/natura-2000etangs-provostiere-vioreau-marais-de-lerdre\/","og_site_name":"Edenn","article_publisher":"https:\/\/www.facebook.com\/pages\/EDENN-sur-Erdre\/193293197413477?ref=hl","article_modified_time":"2022-03-04T16:06:41+00:00","schema":{"@context":"https:\/\/schema.org","@graph":[{"@type":"WebPage","@id":"https:\/\/www.edenn.fr\/archive\/biodiversite\/natura-2000etangs-provostiere-vioreau-marais-de-lerdre\/","url":"https:\/\/www.edenn.fr\/archive\/biodiversite\/natura-2000etangs-provostiere-vioreau-marais-de-lerdre\/","name":"Natura 2000 - Edenn","isPartOf":{"@id":"https:\/\/www.edenn.fr\/archive\/#website"},"datePublished":"2015-02-24T10:58:46+00:00","dateModified":"2022-03-04T16:06:41+00:00","description":"La constitution du r\u00e9seau Natura 2000 a pour objectif de maintenir les esp\u00e8ces et les habitats d\u2019int\u00e9r\u00eat communautaire dans un bon \u00e9tat de conservation.","breadcrumb":{"@id":"https:\/\/www.edenn.fr\/archive\/biodiversite\/natura-2000etangs-provostiere-vioreau-marais-de-lerdre\/#breadcrumb"},"inLanguage":"fr-FR","potentialAction":[{"@type":"ReadAction","target":["https:\/\/www.edenn.fr\/archive\/biodiversite\/natura-2000etangs-provostiere-vioreau-marais-de-lerdre\/"]}]},{"@type":"BreadcrumbList","@id":"https:\/\/www.edenn.fr\/archive\/biodiversite\/natura-2000etangs-provostiere-vioreau-marais-de-lerdre\/#breadcrumb","itemListElement":[{"@type":"ListItem","position":1,"name":"Accueil","item":"https:\/\/www.edenn.fr\/archive\/"},{"@type":"ListItem","position":2,"name":"Biodiversit\u00e9","item":"https:\/\/www.edenn.fr\/archive\/biodiversite\/"},{"@type":"ListItem","position":3,"name":"Natura 2000"}]},{"@type":"WebSite","@id":"https:\/\/www.edenn.fr\/archive\/#website","url":"https:\/\/www.edenn.fr\/archive\/","name":"Edenn","description":"Ensemble pour la reconqu\u00eate de l&#039;Erdre","potentialAction":[{"@type":"SearchAction","target":{"@type":"EntryPoint","urlTemplate":"https:\/\/www.edenn.fr\/archive\/?s={search_term_string}"},"query-input":{"@type":"PropertyValueSpecification","valueRequired":true,"valueName":"search_term_string"}}],"inLanguage":"fr-FR"}]}},"_links":{"self":[{"href":"https:\/\/www.edenn.fr\/archive\/wp-json\/wp\/v2\/pages\/176","targetHints":{"allow":["GET"]}}],"collection":[{"href":"https:\/\/www.edenn.fr\/archive\/wp-json\/wp\/v2\/pages"}],"about":[{"href":"https:\/\/www.edenn.fr\/archive\/wp-json\/wp\/v2\/types\/page"}],"author":[{"embeddable":true,"href":"https:\/\/www.edenn.fr\/archive\/wp-json\/wp\/v2\/users\/2"}],"replies":[{"embeddable":true,"href":"https:\/\/www.edenn.fr\/archive\/wp-json\/wp\/v2\/comments?post=176"}],"version-history":[{"count":81,"href":"https:\/\/www.edenn.fr\/archive\/wp-json\/wp\/v2\/pages\/176\/revisions"}],"predecessor-version":[{"id":8992,"href":"https:\/\/www.edenn.fr\/archive\/wp-json\/wp\/v2\/pages\/176\/revisions\/8992"}],"up":[{"embeddable":true,"href":"https:\/\/www.edenn.fr\/archive\/wp-json\/wp\/v2\/pages\/60"}],"wp:attachment":[{"href":"https:\/\/www.edenn.fr\/archive\/wp-json\/wp\/v2\/media?parent=176"}],"curies":[{"name":"wp","href":"https:\/\/api.w.org\/{rel}","templated":true}]}}