{"id":877,"date":"2015-03-19T14:27:25","date_gmt":"2015-03-19T14:27:25","guid":{"rendered":"https:\/\/www.edenn.fr\/archive\/?page_id=877"},"modified":"2015-10-09T07:38:40","modified_gmt":"2015-10-09T07:38:40","slug":"leviers-financiers","status":"publish","type":"page","link":"https:\/\/www.edenn.fr\/archive\/eau\/agriculture\/leviers-financiers\/","title":{"rendered":"Leviers financiers"},"content":{"rendered":"","protected":false},"excerpt":{"rendered":"<p>Le bilan des diagnostics agricoles 2011-2013 a permis d\u2019identifier des projets de travaux li\u00e9s \u00e0 l\u2019am\u00e9lioration du bocage sur le territoire du Montagn\u00e9.<br \/>\nAfin d\u2019accompagner les agriculteurs, de faciliter le passage \u00e0 l\u2019action et d\u2019impulser l\u2019\u00e9mergence de nouveau projets, l\u2019EDENN a sollicit\u00e9 des soutiens financiers.<br \/>\nCourant 2012, la possibilit\u00e9 d\u2019acc\u00e9der \u00e0 des aides pour la r\u00e9alisation de travaux programm\u00e9s dans le cadre d\u2019un Sch\u00e9ma Directeur d\u2019Am\u00e9nagement de l\u2019Espace Rural (SDAER) a permis d\u2019appuyer cette d\u00e9marche.<\/p>\n","protected":false},"author":2,"featured_media":0,"parent":608,"menu_order":0,"comment_status":"open","ping_status":"open","template":"template\/standard.php","meta":{"_acf_changed":false,"footnotes":""},"class_list":["post-877","page","type-page","status-publish","hentry"],"acf":[],"yoast_head":"<!-- This site is optimized with the Yoast SEO plugin v27.3 - https:\/\/yoast.com\/product\/yoast-seo-wordpress\/ -->\n<title>Leviers financiers - Edenn<\/title>\n<meta name=\"description\" content=\"Descriptif des outils concrets de mise en oeuvre du plan d&#039;actions du Volet Agricole, et Panorama des aides agricoles possibles.\" \/>\n<meta name=\"robots\" content=\"index, follow, max-snippet:-1, max-image-preview:large, max-video-preview:-1\" \/>\n<link rel=\"canonical\" href=\"https:\/\/www.edenn.fr\/archive\/eau\/agriculture\/leviers-financiers\/\" \/>\n<meta property=\"og:locale\" content=\"fr_FR\" \/>\n<meta property=\"og:type\" content=\"article\" \/>\n<meta property=\"og:title\" content=\"Leviers financiers - Edenn\" \/>\n<meta property=\"og:description\" content=\"Descriptif des outils concrets de mise en oeuvre du plan d&#039;actions du Volet Agricole, et Panorama des aides agricoles possibles.\" \/>\n<meta property=\"og:url\" content=\"https:\/\/www.edenn.fr\/archive\/eau\/agriculture\/leviers-financiers\/\" \/>\n<meta property=\"og:site_name\" content=\"Edenn\" \/>\n<meta property=\"article:publisher\" content=\"https:\/\/www.facebook.com\/pages\/EDENN-sur-Erdre\/193293197413477?ref=hl\" \/>\n<meta property=\"article:modified_time\" content=\"2015-10-09T07:38:40+00:00\" \/>\n<script type=\"application\/ld+json\" class=\"yoast-schema-graph\">{\"@context\":\"https:\\\/\\\/schema.org\",\"@graph\":[{\"@type\":\"WebPage\",\"@id\":\"https:\\\/\\\/www.edenn.fr\\\/archive\\\/eau\\\/agriculture\\\/leviers-financiers\\\/\",\"url\":\"https:\\\/\\\/www.edenn.fr\\\/archive\\\/eau\\\/agriculture\\\/leviers-financiers\\\/\",\"name\":\"Leviers financiers - Edenn\",\"isPartOf\":{\"@id\":\"https:\\\/\\\/www.edenn.fr\\\/archive\\\/#website\"},\"datePublished\":\"2015-03-19T14:27:25+00:00\",\"dateModified\":\"2015-10-09T07:38:40+00:00\",\"description\":\"Descriptif des outils concrets de mise en oeuvre du plan d'actions du Volet Agricole, et Panorama des aides agricoles possibles.\",\"breadcrumb\":{\"@id\":\"https:\\\/\\\/www.edenn.fr\\\/archive\\\/eau\\\/agriculture\\\/leviers-financiers\\\/#breadcrumb\"},\"inLanguage\":\"fr-FR\",\"potentialAction\":[{\"@type\":\"ReadAction\",\"target\":[\"https:\\\/\\\/www.edenn.fr\\\/archive\\\/eau\\\/agriculture\\\/leviers-financiers\\\/\"]}]},{\"@type\":\"BreadcrumbList\",\"@id\":\"https:\\\/\\\/www.edenn.fr\\\/archive\\\/eau\\\/agriculture\\\/leviers-financiers\\\/#breadcrumb\",\"itemListElement\":[{\"@type\":\"ListItem\",\"position\":1,\"name\":\"Accueil\",\"item\":\"https:\\\/\\\/www.edenn.fr\\\/archive\\\/\"},{\"@type\":\"ListItem\",\"position\":2,\"name\":\"Eau\",\"item\":\"https:\\\/\\\/www.edenn.fr\\\/archive\\\/eau\\\/\"},{\"@type\":\"ListItem\",\"position\":3,\"name\":\"Agriculture\",\"item\":\"https:\\\/\\\/www.edenn.fr\\\/archive\\\/eau\\\/agriculture\\\/\"},{\"@type\":\"ListItem\",\"position\":4,\"name\":\"Leviers financiers\"}]},{\"@type\":\"WebSite\",\"@id\":\"https:\\\/\\\/www.edenn.fr\\\/archive\\\/#website\",\"url\":\"https:\\\/\\\/www.edenn.fr\\\/archive\\\/\",\"name\":\"Edenn\",\"description\":\"Ensemble pour la reconqu\u00eate de l&#039;Erdre\",\"potentialAction\":[{\"@type\":\"SearchAction\",\"target\":{\"@type\":\"EntryPoint\",\"urlTemplate\":\"https:\\\/\\\/www.edenn.fr\\\/archive\\\/?s={search_term_string}\"},\"query-input\":{\"@type\":\"PropertyValueSpecification\",\"valueRequired\":true,\"valueName\":\"search_term_string\"}}],\"inLanguage\":\"fr-FR\"}]}<\/script>\n<!-- \/ Yoast SEO plugin. -->","yoast_head_json":{"title":"Leviers financiers - Edenn","description":"Descriptif des outils concrets de mise en oeuvre du plan d'actions du Volet Agricole, et Panorama des aides agricoles possibles.","robots":{"index":"index","follow":"follow","max-snippet":"max-snippet:-1","max-image-preview":"max-image-preview:large","max-video-preview":"max-video-preview:-1"},"canonical":"https:\/\/www.edenn.fr\/archive\/eau\/agriculture\/leviers-financiers\/","og_locale":"fr_FR","og_type":"article","og_title":"Leviers financiers - Edenn","og_description":"Descriptif des outils concrets de mise en oeuvre du plan d'actions du Volet Agricole, et Panorama des aides agricoles possibles.","og_url":"https:\/\/www.edenn.fr\/archive\/eau\/agriculture\/leviers-financiers\/","og_site_name":"Edenn","article_publisher":"https:\/\/www.facebook.com\/pages\/EDENN-sur-Erdre\/193293197413477?ref=hl","article_modified_time":"2015-10-09T07:38:40+00:00","schema":{"@context":"https:\/\/schema.org","@graph":[{"@type":"WebPage","@id":"https:\/\/www.edenn.fr\/archive\/eau\/agriculture\/leviers-financiers\/","url":"https:\/\/www.edenn.fr\/archive\/eau\/agriculture\/leviers-financiers\/","name":"Leviers financiers - Edenn","isPartOf":{"@id":"https:\/\/www.edenn.fr\/archive\/#website"},"datePublished":"2015-03-19T14:27:25+00:00","dateModified":"2015-10-09T07:38:40+00:00","description":"Descriptif des outils concrets de mise en oeuvre du plan d'actions du Volet Agricole, et Panorama des aides agricoles possibles.","breadcrumb":{"@id":"https:\/\/www.edenn.fr\/archive\/eau\/agriculture\/leviers-financiers\/#breadcrumb"},"inLanguage":"fr-FR","potentialAction":[{"@type":"ReadAction","target":["https:\/\/www.edenn.fr\/archive\/eau\/agriculture\/leviers-financiers\/"]}]},{"@type":"BreadcrumbList","@id":"https:\/\/www.edenn.fr\/archive\/eau\/agriculture\/leviers-financiers\/#breadcrumb","itemListElement":[{"@type":"ListItem","position":1,"name":"Accueil","item":"https:\/\/www.edenn.fr\/archive\/"},{"@type":"ListItem","position":2,"name":"Eau","item":"https:\/\/www.edenn.fr\/archive\/eau\/"},{"@type":"ListItem","position":3,"name":"Agriculture","item":"https:\/\/www.edenn.fr\/archive\/eau\/agriculture\/"},{"@type":"ListItem","position":4,"name":"Leviers financiers"}]},{"@type":"WebSite","@id":"https:\/\/www.edenn.fr\/archive\/#website","url":"https:\/\/www.edenn.fr\/archive\/","name":"Edenn","description":"Ensemble pour la reconqu\u00eate de l&#039;Erdre","potentialAction":[{"@type":"SearchAction","target":{"@type":"EntryPoint","urlTemplate":"https:\/\/www.edenn.fr\/archive\/?s={search_term_string}"},"query-input":{"@type":"PropertyValueSpecification","valueRequired":true,"valueName":"search_term_string"}}],"inLanguage":"fr-FR"}]}},"_links":{"self":[{"href":"https:\/\/www.edenn.fr\/archive\/wp-json\/wp\/v2\/pages\/877","targetHints":{"allow":["GET"]}}],"collection":[{"href":"https:\/\/www.edenn.fr\/archive\/wp-json\/wp\/v2\/pages"}],"about":[{"href":"https:\/\/www.edenn.fr\/archive\/wp-json\/wp\/v2\/types\/page"}],"author":[{"embeddable":true,"href":"https:\/\/www.edenn.fr\/archive\/wp-json\/wp\/v2\/users\/2"}],"replies":[{"embeddable":true,"href":"https:\/\/www.edenn.fr\/archive\/wp-json\/wp\/v2\/comments?post=877"}],"version-history":[{"count":77,"href":"https:\/\/www.edenn.fr\/archive\/wp-json\/wp\/v2\/pages\/877\/revisions"}],"predecessor-version":[{"id":3126,"href":"https:\/\/www.edenn.fr\/archive\/wp-json\/wp\/v2\/pages\/877\/revisions\/3126"}],"up":[{"embeddable":true,"href":"https:\/\/www.edenn.fr\/archive\/wp-json\/wp\/v2\/pages\/608"}],"wp:attachment":[{"href":"https:\/\/www.edenn.fr\/archive\/wp-json\/wp\/v2\/media?parent=877"}],"curies":[{"name":"wp","href":"https:\/\/api.w.org\/{rel}","templated":true}]}}